e
Suppose 619 = 2*l - 2259. Is l a composite number?
False
Let m(w) = 14*w**2 + 2*w - 1. Let j be m(1). Suppose r - 4*h - 60 = -r, -3*h - j = 0. Is 5/(r/(-12)) - -112 composite?
False
Let f(z) = 444*z**2 - 6*z - 11. Is f(-4) a prime number?
False
Let r be (6 + -7)/(-1 + (-4)/(-6)). Suppose 2*x - 2032 - 288 = 2*s, x = r*s + 1154. Is x a composite number?
False
Let k be (-5 - 1)/(14/(-105)). Let q = 75 - k. Suppose -q - 23 = -p. Is p prime?
True
Let b(g) = g + 11. Let q be b(-9). Let y(r) = -6*r**2 + r - 5 + 0*r**3 + 7*r**3 - 4*r**3 - q*r**3. Is y(7) prime?
False
Let m = 2215 - -474. Suppose 0 = -8*v + m + 79. Is v a composite number?
True
Let f(d) = 13*d**2 - 8*d - 48. Is f(-5) composite?
False
Let d = -123 - -125. Suppose d*l - 4*l + 3*n + 5752 = 0, 5*l + 4*n = 14403. Is l prime?
True
Let h(u) = 6*u**2 + 1. Suppose 0 = -2*j, f - 2 = -0*f + 4*j. Suppose 2*v + f*v = 8. Is h(v) a prime number?
False
Let s = 79436 - 42319. Is s a prime number?
True
Suppose -4*x = 4, v - 3*x + 5*x = -3. Let h = -3 + v. Let s(b) = -b**3 - 2*b**2 + 4*b - 2. Is s(h) a prime number?
False
Let v be 8/(-2*2) - -2 - -1796. Suppose v = -0*x + 4*x. Is x prime?
True
Suppose 5*y - 257 = -f, -4*f + 1028 = 4*y - 0*y. Is f prime?
True
Suppose -4*n + 57*t = 56*t - 6631, 5*n = -t + 8282. Is n a prime number?
True
Let y(f) = -36*f + 29. Suppose 4*m = -12, -m - 2*m = -5*v - 41. Is y(v) a composite number?
False
Is 21649 + -22 - 4*1 composite?
True
Let r = 1916 - -8757. Is r composite?
True
Let w be 3 - 1/((-1)/2). Let u(d) = d**2 + 0*d + d - 2 - w*d. Is u(5) composite?
False
Suppose 5051 = 5*q - 4*u - 4329, 5*u = 2*q - 3735. Let f = q - 1029. Is f a prime number?
False
Let u(n) = -4826*n + 5. Is u(-1) composite?
False
Let t = 113 - 71. Suppose 7*n - n - t = 0. Is n a prime number?
True
Let b be 2*1/10 - 2604/(-155). Suppose -13*f - 6268 = -b*f. Is f composite?
False
Let d(t) = -1 + 10 - t - 2*t + 4*t. Let g be d(-6). Is 6 + -2 + 154 + g a prime number?
False
Suppose 4*r - 10 = 2*r. Let f(s) = s**3 - 5*s**2 - 7*s + 6. Let u(o) = o**2 - 1. Let k(w) = f(w) + 6*u(w). Is k(r) composite?
True
Let o = -1054 - -1992. Suppose q - o = -5*s, -4*q - 2*s + 3824 = -0*s. Is q a composite number?
True
Let n(m) = m**3 + m**2 - 2. Let u be n(1). Suppose 2*d = -3*r + 529, u = -2*r - 0*d + 4*d + 358. Is r a composite number?
True
Suppose -55*x + 13*x = -558138. Is x a prime number?
False
Let r(p) be the third derivative of -47*p**4/24 - p**3/3 + 3*p**2. Is r(-7) prime?
False
Suppose -8 = 3*k - k. Is (k - -3578) + (-1)/((-3)/(-9)) a prime number?
True
Let r = 6995 + -37388. Is 4/(-22) + r/(-121) prime?
True
Let c(n) = 139*n**2 + 2*n - 4. Let f be 26/10 - (-10)/25. Is c(f) a prime number?
False
Is 1181/2*13*10/65 composite?
False
Suppose 5*p = 11 - 1, 2*c - 4*p - 1562 = 0. Suppose 4*o = 0, 4*o - c = -v + 2*o. Is v composite?
True
Let i(w) = 7*w**2 - 10*w - 11. Suppose -2*h - 3*l = 7, h + 4*l + 8 = -2*h. Suppose -h*s = -s - 36. Is i(s) a prime number?
True
Suppose u - 3683 = -3*y, 27*y = -3*u + 22*y + 11049. Is u a prime number?
False
Let v(m) = -m - 6. Let q be v(-10). Suppose -q*w + 5 = -3*w. Suppose -w*o = -8*o + 1341. Is o prime?
False
Suppose 5*b + 2*r - 20547 = 0, 12329 = 3*b - r + 3*r. Is b prime?
False
Suppose 0 = 2*q - 4*b - 18, 3*b + 2 = -10. Let z be (q - 13427) + (11 - 9). Is z/24*3/(-2) composite?
False
Let i be 4340/(-12) + 2/3. Let r = i - -1111. Let p = -443 + r. Is p a prime number?
True
Let m(o) be the third derivative of o**6/120 - o**5/60 + o**4/24 + 317*o**3/6 + 8*o**2. Let y = 1 + -1. Is m(y) a prime number?
True
Suppose 5847 = 3*v + 2*n, 1949 = v + 23*n - 24*n. Is v a prime number?
True
Suppose 5*v = -k + 7455, -5*k + 6*k = -v + 7463. Let d = k + -4356. Is d prime?
True
Suppose -164*u + 3*m = -163*u - 19817, 5*u - 2*m = 99137. Is u a composite number?
True
Suppose 0 = 9*o - 27575 - 11584. Suppose 0 = -3*j + 278 + o. Is j a composite number?
False
Suppose 0 = -4*s - 7*s - 220. Is 370/8 - (-5)/s prime?
False
Is 69482/6 - ((-70)/15 + 4) composite?
True
Suppose -6346 - 5247 = -j. Is j a composite number?
False
Let o(t) = -1430*t - 433. Is o(-6) prime?
True
Suppose -x + 13981 = 2*u, -u + 2021 + 4987 = 4*x. Suppose -3*a - 2116 = -2*y, a - 2766 = 4*y - u. Is y composite?
True
Let r = 0 + 3. Let y be -2 + r + 8*22. Let k = 338 - y. Is k composite?
True
Let m(c) be the second derivative of -3*c + 3*c**2 + 3*c**3 + 2*c**2 + 3*c**3 - 5*c. Is m(3) prime?
False
Let w(d) = 160*d**2 - d + 2. Let a be w(1). Let o = -80 + a. Let l = o + 152. Is l prime?
True
Suppose -5*t + 21734 = -147621. Is t prime?
True
Let n(f) = 6*f - 10. Let l be n(9). Suppose -38 = s + l. Is 20/(-5) + (-1 - s) a composite number?
True
Let o(d) = -2 + 0*d - 3 + 2*d + 6*d**3 + 3. Let g be o(1). Is (g/(-5))/(10/(-2075)) prime?
False
Suppose 3*q + i + 190 = 0, -4*q + 7*i - 235 = 12*i. Suppose b = -0*b + 4. Is b/(-5) - 17277/q prime?
False
Let x(l) = 4*l**2 + 9*l - 3. Suppose 32*t = 31*t + 9. Let w be x(t). Suppose -2*n = -4*v + 284, 0 = -4*v + 4*n - 118 + w. Is v composite?
False
Suppose 3*s - 14733 = 3*n, 2*s - 3*n - 9808 = -8*n. Is s a composite number?
False
Suppose 4*o - 59 + 3 = 0. Let z(f) = 16*f + 2. Is z(o) prime?
False
Let h(z) = -2578*z - 561. Is h(-10) composite?
False
Let a = 5305 - -810. Is a a composite number?
True
Let f = 1849 - 1028. Is f a prime number?
True
Let h = 5 + -14. Let t(r) = -136*r + 3. Is t(h) a prime number?
False
Suppose o - 4*v = -5663, -2*o + 2*v = o + 16989. Is (2 + 0)*(-3)/(42/o) a prime number?
True
Let o(w) = w**3 + 2*w**2 - 4*w - 1. Let m be o(-3). Suppose 0 = -m*p + 4*p - 164. Suppose n - p = -2*q - 4, -197 = -5*q - 3*n. Is q composite?
False
Let b(p) = -p**2 - 7*p + 9. Let r be b(-8). Is 111*(-4)/(-12)*r composite?
False
Let o = -516 + 821. Suppose 2*g - o = 341. Is g composite?
True
Let y(i) = 5*i**2 + 2*i - 8. Let q(l) = l - 14. Let g be (-1)/2*(-2 - 12). Let h be q(g). Is y(h) a composite number?
False
Let l(g) = -2352*g - 283. Is l(-6) prime?
True
Let h(b) = 149*b**2 - b + 1. Suppose -3*w - 4 = -10. Suppose -7 = -3*j - 3*i + 5*i, 4*j + w*i = 0. Is h(j) a prime number?
True
Suppose 3*d = 3*z + 71220, 22*d - 27*d - 4*z + 118709 = 0. Is d composite?
False
Is (627948/10)/18 + 4/10 composite?
True
Let p(s) = -s + 4. Let u be p(4). Suppose -5*c + d + 4185 = u, -d + 388 + 455 = c. Is c a prime number?
False
Let x(t) = 1117*t**2 + 11*t + 56. Is x(-5) composite?
True
Suppose -12 = 4*p - p. Is 2/p + 1974/4 a composite number?
True
Suppose 2*h - 4*h = 1342. Let u = h + 1152. Is u a prime number?
False
Suppose 461 = 21*p - 20*p. Let f(d) = 5*d**3 + 2*d**2 - d. Let x be f(1). Is p/x + 1/6 a prime number?
False
Let p be (-21)/(4/(64/12)). Let q = p + 19. Is -1 - (-555 - q/(-3)) a composite number?
False
Let i(c) be the third derivative of -c**4/24 + 5*c**3/2 + c**2. Let r be i(13). Suppose 3*j - 865 = 2*k, k + r*k - 12 = 0. Is j a prime number?
False
Suppose -q = 8*q - 8658. Suppose m - 9*l = -4*l + q, 4*l = -3*m + 2791. Is m composite?
False
Suppose 44*y + 59031 = 53*y. Is y a prime number?
False
Suppose -5*y - 2 - 78 = 0. Is 4/y + 20002/8 - 2 a composite number?
True
Let o(d) = -3*d**3 - 4*d + 5. Let x(t) = -1 - t + 0 + 2. Let m be x(5). Is o(m) composite?
True
Suppose -43*u + 50*u - 254597 = 0. Is u composite?
True
Let t(y) = -3*y**3 - 8*y**2 - 32*y - 10. Is t(-9) composite?
True
Suppose g = -g + 1886. Suppose 16*z - 14 = 18. Suppose 5*f - g = -4*q - 0*q, z*f = -q + 379. Is f composite?
False
Let p = 2380 - 802. Suppose -i = i - p. Suppose -5*x + 266 + i = 0. Is x a composite number?
False
Suppose -135*g = -131*g - 20012. Is g a prime number?
True
Suppose -4*o = 2*o - 144. Is 24645/o + 7/56 prime?
False
Let b(p) = -15 - 60*p**2 + 2*p + 136*p**2 + 4*p. Is b(6) a composite number?
True
Let p(v) = -v**3 + 26*v**2 - 26*v + 14. Is p(9) prime?
False
Is ((-18)/90)/((-2)/247490) a prime number?
True
Let i(r) = -r**3 + 28*r**2 + 21*r + 29. Is i(26) composite?
True
Suppose 7*q = 33 - 12. Suppose 675 = 3*k - 993. Suppose q*r + 187 = k. Is r prime?
False
Let o(a) = -a - 5. Let p be o(8). Let q = 15 + p. Is q/(-7) - (-3125)/35 a composite number?
False
Let m = -38 - -36. Let q be m + -2 + 1 + -1. Is 181 + q/(4 + -5) a prime number?
False
Suppose -5*o - 3*m - 2489 = 0, -o - 101 - 389 = -2*m. Let g = o - -